{"id":372,"date":"2023-09-13T16:59:02","date_gmt":"2023-09-13T14:59:02","guid":{"rendered":"http:\/\/www.tourmi.co\/?page_id=372"},"modified":"2026-02-12T16:38:34","modified_gmt":"2026-02-12T15:38:34","slug":"duchazaud","status":"publish","type":"page","link":"https:\/\/www.tourmi.co\/index.php\/musique\/duchazaud\/","title":{"rendered":"DUCHAZAUD"},"content":{"rendered":"\n<figure class=\"wp-block-image size-large\"><img loading=\"lazy\" decoding=\"async\" width=\"968\" height=\"1024\" src=\"https:\/\/www.tourmi.co\/wp-content\/uploads\/2024\/10\/DCHportraitdessin2024-968x1024.jpg\" alt=\"\" class=\"wp-image-1025\" srcset=\"https:\/\/www.tourmi.co\/wp-content\/uploads\/2024\/10\/DCHportraitdessin2024-968x1024.jpg 968w, https:\/\/www.tourmi.co\/wp-content\/uploads\/2024\/10\/DCHportraitdessin2024-284x300.jpg 284w, https:\/\/www.tourmi.co\/wp-content\/uploads\/2024\/10\/DCHportraitdessin2024-768x812.jpg 768w, https:\/\/www.tourmi.co\/wp-content\/uploads\/2024\/10\/DCHportraitdessin2024-1452x1536.jpg 1452w, https:\/\/www.tourmi.co\/wp-content\/uploads\/2024\/10\/DCHportraitdessin2024.jpg 1936w\" sizes=\"auto, (max-width: 968px) 100vw, 968px\" \/><\/figure>\n\n\n\n<p class=\"has-text-align-center has-small-font-size\"><strong>BOOKING FRANCE<\/strong> <strong>&amp; EXPORT<\/strong><br><br><strong>NOUVEAU SPECTACLE Cin\u00e9-Concert <a href=\"https:\/\/vimeo.com\/907920547\" data-type=\"link\" data-id=\"https:\/\/www.arte.tv\/fr\/videos\/096296-000-A\/le-parfum-d-irak\/\">Le Parfum d&rsquo;Irak<\/a><\/strong>, <br>(demande mot de passe aupr\u00e8s d&rsquo;Emilie)<br><strong>disponible en tourn\u00e9e saison 2026\/27,<\/strong> <br>ad\u00e9quat pour s\u00e9ances scolaires, coll\u00e8ges &amp; lyc\u00e9es (enseignement moral &amp; civique)<br><em>Possibilit\u00e9s de pr\u00e9sence du r\u00e9alisateur du film et-ou de l&rsquo;auteur du roman adapt\u00e9<\/em> <em>\u00e9ponyme<\/em>. <br><br>1989.\u00a0Feurat Alani, 9 ans, s\u2019envole pour l\u2019Irak avec sa m\u00e8re et sa s\u0153ur. La guerre avec l\u2019Iran vient de s\u2019achever et l\u2019enfant, arborant une cravate bleue, d\u00e9couvre pour la premi\u00e8re fois le pays de ses parents, sans son p\u00e8re, opposant \u00e0 Saddam Hussein, rest\u00e9 \u00e0 Nanterre.<br>Le Livre Le Parfum d&rsquo;Irak, parait en 2017 et est couronn\u00e9 du prix Albert-Londres en 2018. Le journaliste franco-irakien Feurat Alani y livre un bouleversant r\u00e9cit intime, \u00e9maill\u00e9 d\u2019images d\u2019actualit\u00e9s, qui rend la guerre, cette lointaine \u00e9trang\u00e8re,\u00a0 \u00e9trangement palpable. Merveilleusement dessin\u00e9 et mis en sc\u00e8ne en animation par\u00a0<em>L\u00e9onard Cohen <\/em>dans une premi\u00e8re s\u00e9rie documentaire prim\u00e9e,\u00a0le long-m\u00e9trage \u00e9ponyme est sorti en salle \u00e0 l&rsquo;automne 2024, et est produit par Arte, Nova &amp; MiyuProductions.<\/p>\n\n\n\n<p class=\"has-text-align-center has-small-font-size\">Compositeur de la musique, Duchazaud joue en live la musique du film Le Parfum d&rsquo;Irak pendant la projection du film, dans un \u00e9tonnant t\u00eate \u00e0 t\u00eate effr\u00e9n\u00e9 entre le son et l&rsquo;image. Maniant sa clarinette, ses samplers et synth\u00e9tiseurs, il d\u00e9veloppe un univers fait de musique orientale et \u00e9lectronique au service d&rsquo;une histoire elle m\u00eame \u00e0 cheval entre orient et occident, entre pass\u00e9, pr\u00e9sent et avenir.<br><\/p>\n\n\n\n<figure class=\"wp-block-video\"><video height=\"1920\" style=\"aspect-ratio: 1080 \/ 1920;\" width=\"1080\" controls src=\"https:\/\/www.tourmi.co\/wp-content\/uploads\/2026\/01\/LPI_promo_caveinsky-OKtrue.mp4\"><\/video><\/figure>\n\n\n\n<figure class=\"wp-block-gallery has-nested-images columns-default is-cropped wp-block-gallery-1 is-layout-flex wp-block-gallery-is-layout-flex\">\n<figure class=\"wp-block-image size-large\"><img loading=\"lazy\" decoding=\"async\" width=\"1024\" height=\"476\" data-id=\"1209\" src=\"https:\/\/www.tourmi.co\/wp-content\/uploads\/2025\/02\/ExtraitImageSalle-Film-LeParfumdIrak\u2117-\u00a9-Arte-Miyu-Nova-Productions-1024x476.jpg\" alt=\"\" class=\"wp-image-1209\" srcset=\"https:\/\/www.tourmi.co\/wp-content\/uploads\/2025\/02\/ExtraitImageSalle-Film-LeParfumdIrak\u2117-\u00a9-Arte-Miyu-Nova-Productions-1024x476.jpg 1024w, https:\/\/www.tourmi.co\/wp-content\/uploads\/2025\/02\/ExtraitImageSalle-Film-LeParfumdIrak\u2117-\u00a9-Arte-Miyu-Nova-Productions-300x140.jpg 300w, https:\/\/www.tourmi.co\/wp-content\/uploads\/2025\/02\/ExtraitImageSalle-Film-LeParfumdIrak\u2117-\u00a9-Arte-Miyu-Nova-Productions-768x357.jpg 768w, https:\/\/www.tourmi.co\/wp-content\/uploads\/2025\/02\/ExtraitImageSalle-Film-LeParfumdIrak\u2117-\u00a9-Arte-Miyu-Nova-Productions.jpg 1161w\" sizes=\"auto, (max-width: 1024px) 100vw, 1024px\" \/><\/figure>\n<\/figure>\n\n\n\n<p class=\"has-text-align-center\"><strong>Album BO<\/strong> Flavors of Iraq \/ Le Parfum d&rsquo;Irak<br> (Nova Production\/MiyuProductions\/ARTEFrance\/Lunamine) <br>sorti le 11\/10\/2024 :<br><a href=\"https:\/\/boriginal.lnk.to\/FlavorsofIraq\">https:\/\/boriginal.lnk.to\/FlavorsofIraq<\/a><br><br><a href=\"https:\/\/www.tourmi.co\/wp-content\/uploads\/2025\/02\/Duchazaud-RevuePresse2024.pdf\" data-type=\"link\" data-id=\"https:\/\/www.tourmi.co\/wp-content\/uploads\/2025\/02\/Duchazaud-RevuePresse2024.pdf\"><strong>Dossier de Presse<\/strong> Duchazaud 2024<\/a><\/p>\n\n\n\n<figure class=\"wp-block-embed is-type-video is-provider-youtube wp-block-embed-youtube wp-embed-aspect-16-9 wp-has-aspect-ratio\"><div class=\"wp-block-embed__wrapper\">\n<iframe loading=\"lazy\" title=\"DUCHAZAUD - Baile Baghdad\" width=\"500\" height=\"281\" src=\"https:\/\/www.youtube.com\/embed\/IUTBOPALqOo?feature=oembed\" frameborder=\"0\" allow=\"accelerometer; autoplay; clipboard-write; encrypted-media; gyroscope; picture-in-picture; web-share\" referrerpolicy=\"strict-origin-when-cross-origin\" allowfullscreen><\/iframe>\n<\/div><figcaption class=\"wp-element-caption\">VideoClip Baile Baghdad : OST Flavors of Iraq sorti le 29 Novembre 2024<\/figcaption><\/figure>\n\n\n\n<p class=\"has-text-align-center\">Duchazaud est le c<em><a href=\"https:\/\/boriginal.lnk.to\/FlavorsofIraq\" data-type=\"link\" data-id=\"https:\/\/boriginal.lnk.to\/FlavorsofIraq\">ompositeur de la bande originale du film <\/a>d&rsquo;animation \u00ab\u00a0<a href=\"https:\/\/www.arte.tv\/fr\/videos\/096296-000-A\/le-parfum-d-irak\/\" data-type=\"link\" data-id=\"https:\/\/www.arte.tv\/fr\/videos\/096296-000-A\/le-parfum-d-irak\/\">Le Parfum d&rsquo;Irak<\/a>\u00ab\u00a0, adapt\u00e9 du roman de Feurat Alani et de la s\u00e9rie documentaire prim\u00e9e. Le film , produit Miyu Prod&rsquo; &amp; Arte, qui l&rsquo;a d\u00e9j\u00e0 diffus\u00e9 \u00e0 sur leur antenne en avant-1\u00e8re le 11\/9, est sorti en salles le 11 Octobre 2024, et est en comp\u00e9tition sur plusieurs festivals de films. <\/em><br><em>Cette BO est sortie simultan\u00e9ment sur toutes les plateformes. C\u00f4t\u00e9 promo, <a href=\"https:\/\/www.facebook.com\/share\/p\/bsAFVJ5majqzBCQZ\/\" data-type=\"link\" data-id=\"https:\/\/www.facebook.com\/share\/p\/bsAFVJ5majqzBCQZ\/\">le titre Wander in Fallujah est d\u00e9j\u00e0 inclus dans la playlist FIP Nouveaut\u00e9s<\/a>, une jolie chronique sur RFI, et un <a href=\"https:\/\/www.nova.fr\/news\/le-parfum-dirak-les-glaces-et-la-guerre-pour-raconter-lirak-par-feurat-alani-275266-14-10-2024\/\" data-type=\"link\" data-id=\"https:\/\/www.nova.fr\/news\/le-parfum-dirak-les-glaces-et-la-guerre-pour-raconter-lirak-par-feurat-alani-275266-14-10-2024\/\">article sur le site de Radio Nova<\/a>, <\/em><br><br><\/p>\n\n\n\n<figure class=\"wp-block-image size-full\"><img loading=\"lazy\" decoding=\"async\" width=\"750\" height=\"408\" src=\"https:\/\/www.tourmi.co\/wp-content\/uploads\/2025\/02\/ExtraitImage1-Film-LeParfumdIrak-\u2117-\u00a9-Arte-Miyu-Nova-Productions-1.jpg\" alt=\"\" class=\"wp-image-1211\" srcset=\"https:\/\/www.tourmi.co\/wp-content\/uploads\/2025\/02\/ExtraitImage1-Film-LeParfumdIrak-\u2117-\u00a9-Arte-Miyu-Nova-Productions-1.jpg 750w, https:\/\/www.tourmi.co\/wp-content\/uploads\/2025\/02\/ExtraitImage1-Film-LeParfumdIrak-\u2117-\u00a9-Arte-Miyu-Nova-Productions-1-300x163.jpg 300w\" sizes=\"auto, (max-width: 750px) 100vw, 750px\" \/><figcaption class=\"wp-element-caption\">\u2117 &amp; \u00a9 Arte, Miyu, Nova Productions<\/figcaption><\/figure>\n\n\n\n<p class=\"has-text-align-center\">S&rsquo;il \u00e9tait un objet, DUCHAZAUD serait un shaker \u00e0 cocktail. De la musique d&rsquo;Orient ou bien d&rsquo;Am\u00e9rique du Sud, du jazz, de l&rsquo;\u00e9lectro et pour corser le tout&nbsp;: une large rasade de vannes. Moiti\u00e9 stand-up, moiti\u00e9 concert&#8230; comme dans le Moscow Mule, on sait pas si c&rsquo;est la vodka ou le gingembre qui arrache le plus, mais en fait c&rsquo;est hyper bon et d&rsquo;ailleurs j&rsquo;en reprends un autre s&rsquo;il te pla\u00eet, merci.<br><br>De la clarinette (tr\u00e8s) bien jou\u00e9e et un ordinateur qui l&rsquo;\u00e9parpille fa\u00e7on puzzle, des jolies m\u00e9lodies et des gros beats fa\u00e7on rave party ou favelas de Rio, le tout entrecoup\u00e9 de punchlines prononc\u00e9es par un type aux T-Shirts improbables, \u00e0 la gestuelle pour le moins atypique et \u00e0 la langue manifestement bien pendue.<\/p>\n\n\n\n<p class=\"has-text-align-center\">Ancien membre du groupe <a href=\"https:\/\/www.anakronic.com\/\" data-type=\"link\" data-id=\"https:\/\/www.anakronic.com\/\">Anakronic Electro Orkestra<\/a> qui ont fait leur r\u00e9putation sur une fusion de klezmer et de techno, DUCHAZAUD n&rsquo;a jamais reni\u00e9 ses amours des m\u00e9langes in\u00e9dits et des associations de saveurs d\u00e9tonantes.<br><br><br><\/p>\n\n\n\n<figure class=\"wp-block-image size-large\"><img loading=\"lazy\" decoding=\"async\" width=\"684\" height=\"1024\" src=\"https:\/\/www.tourmi.co\/wp-content\/uploads\/2023\/05\/DUCHAZAUD-Photo2-684x1024.jpg\" alt=\"\" class=\"wp-image-270\" srcset=\"https:\/\/www.tourmi.co\/wp-content\/uploads\/2023\/05\/DUCHAZAUD-Photo2-684x1024.jpg 684w, https:\/\/www.tourmi.co\/wp-content\/uploads\/2023\/05\/DUCHAZAUD-Photo2-200x300.jpg 200w, https:\/\/www.tourmi.co\/wp-content\/uploads\/2023\/05\/DUCHAZAUD-Photo2-768x1150.jpg 768w, https:\/\/www.tourmi.co\/wp-content\/uploads\/2023\/05\/DUCHAZAUD-Photo2-1026x1536.jpg 1026w, https:\/\/www.tourmi.co\/wp-content\/uploads\/2023\/05\/DUCHAZAUD-Photo2-1368x2048.jpg 1368w, https:\/\/www.tourmi.co\/wp-content\/uploads\/2023\/05\/DUCHAZAUD-Photo2-scaled.jpg 1710w\" sizes=\"auto, (max-width: 684px) 100vw, 684px\" \/><figcaption class=\"wp-element-caption\">Cr\u00e9dit Photo &#8211; Julien Vareille <\/figcaption><\/figure>\n\n\n\n<figure class=\"wp-block-embed is-type-video is-provider-youtube wp-block-embed-youtube wp-embed-aspect-16-9 wp-has-aspect-ratio\"><div class=\"wp-block-embed__wrapper\">\n<iframe loading=\"lazy\" title=\"DUCHAZAUD - Bon app\u00e9tit\" width=\"500\" height=\"281\" src=\"https:\/\/www.youtube.com\/embed\/D0OEL7bg-2I?feature=oembed\" frameborder=\"0\" allow=\"accelerometer; autoplay; clipboard-write; encrypted-media; gyroscope; picture-in-picture; web-share\" referrerpolicy=\"strict-origin-when-cross-origin\" allowfullscreen><\/iframe>\n<\/div><figcaption class=\"wp-element-caption\">Bon App\u00e9tit ! <\/figcaption><\/figure>\n\n\n\n<figure class=\"wp-block-embed is-type-video is-provider-youtube wp-block-embed-youtube wp-embed-aspect-16-9 wp-has-aspect-ratio\"><div class=\"wp-block-embed__wrapper\">\n<iframe loading=\"lazy\" title=\"DUCHAZAUD - Araber Tanz (electro clarinet live act)\" width=\"500\" height=\"281\" src=\"https:\/\/www.youtube.com\/embed\/v3wG06NPHXk?feature=oembed\" frameborder=\"0\" allow=\"accelerometer; autoplay; clipboard-write; encrypted-media; gyroscope; picture-in-picture; web-share\" referrerpolicy=\"strict-origin-when-cross-origin\" allowfullscreen><\/iframe>\n<\/div><figcaption class=\"wp-element-caption\">Araber Tanz &#8211; Electro Clarinet Live Act<\/figcaption><\/figure>\n\n\n\n<figure class=\"wp-block-embed is-type-video is-provider-youtube wp-block-embed-youtube wp-embed-aspect-16-9 wp-has-aspect-ratio\"><div class=\"wp-block-embed__wrapper\">\n<iframe loading=\"lazy\" title=\"DUCHAZAUD - Exiit (live version)\" width=\"500\" height=\"281\" src=\"https:\/\/www.youtube.com\/embed\/H1EAT5HxIiA?feature=oembed\" frameborder=\"0\" allow=\"accelerometer; autoplay; clipboard-write; encrypted-media; gyroscope; picture-in-picture; web-share\" referrerpolicy=\"strict-origin-when-cross-origin\" allowfullscreen><\/iframe>\n<\/div><figcaption class=\"wp-element-caption\">Exiit &#8211; Live version<\/figcaption><\/figure>\n\n\n\n<figure class=\"wp-block-embed is-type-video is-provider-youtube wp-block-embed-youtube wp-embed-aspect-16-9 wp-has-aspect-ratio\"><div class=\"wp-block-embed__wrapper\">\n<iframe loading=\"lazy\" title=\"DUCHAZAUD - Jupiter\" width=\"500\" height=\"281\" src=\"https:\/\/www.youtube.com\/embed\/yYmpG4yrCkI?feature=oembed\" frameborder=\"0\" allow=\"accelerometer; autoplay; clipboard-write; encrypted-media; gyroscope; picture-in-picture; web-share\" referrerpolicy=\"strict-origin-when-cross-origin\" allowfullscreen><\/iframe>\n<\/div><figcaption class=\"wp-element-caption\"> JUPITER<\/figcaption><\/figure>\n\n\n\n<figure class=\"wp-block-embed is-type-video is-provider-youtube wp-block-embed-youtube wp-embed-aspect-16-9 wp-has-aspect-ratio\"><div class=\"wp-block-embed__wrapper\">\n<iframe loading=\"lazy\" title=\"DUCHAZAUD - BULLET TIME SCOLOPENDRA\" width=\"500\" height=\"281\" src=\"https:\/\/www.youtube.com\/embed\/dDyc_nVxU0M?feature=oembed\" frameborder=\"0\" allow=\"accelerometer; autoplay; clipboard-write; encrypted-media; gyroscope; picture-in-picture; web-share\" referrerpolicy=\"strict-origin-when-cross-origin\" allowfullscreen><\/iframe>\n<\/div><figcaption class=\"wp-element-caption\">BULLET TIME SCOLOPENDRA<\/figcaption><\/figure>\n\n\n\n<div class=\"wp-block-buttons is-content-justification-center is-layout-flex wp-container-core-buttons-is-layout-a89b3969 wp-block-buttons-is-layout-flex\">\n<div class=\"wp-block-button\"><a class=\"wp-block-button__link wp-element-button\" href=\"https:\/\/www.facebook.com\/duchazaud\/\">Duchazaud sur Facebook<\/a><\/div>\n\n\n\n<div class=\"wp-block-button\"><a class=\"wp-block-button__link wp-element-button\" href=\"https:\/\/www.instagram.com\/duchazaud_music\/\">Duchazaud sur Insta<\/a><\/div>\n\n\n\n<div class=\"wp-block-button\"><a class=\"wp-block-button__link wp-element-button\" href=\"https:\/\/www.selmer.fr\/blogs\/artistes\/pierre-bertaud-du-chazaud\">Duchazaud chez Selmer (endorsement clarinettes)<\/a><\/div>\n<\/div>\n","protected":false},"excerpt":{"rendered":"<p>BOOKING FRANCE &amp; EXPORT NOUVEAU SPECTACLE Cin\u00e9-Concert Le Parfum d&rsquo;Irak, (demande mot de passe aupr\u00e8s d&rsquo;Emilie)disponible en tourn\u00e9e saison 2026\/27, ad\u00e9quat pour s\u00e9ances scolaires, coll\u00e8ges &amp; lyc\u00e9es (enseignement moral &amp; civique)Possibilit\u00e9s de pr\u00e9sence du r\u00e9alisateur du film et-ou de l&rsquo;auteur du roman adapt\u00e9 \u00e9ponyme. 1989.\u00a0Feurat Alani, 9 ans, s\u2019envole pour l\u2019Irak avec sa m\u00e8re et [&hellip;]<\/p>\n","protected":false},"author":1,"featured_media":0,"parent":353,"menu_order":0,"comment_status":"closed","ping_status":"closed","template":"","meta":{"footnotes":""},"class_list":["post-372","page","type-page","status-publish","hentry"],"_links":{"self":[{"href":"https:\/\/www.tourmi.co\/index.php\/wp-json\/wp\/v2\/pages\/372","targetHints":{"allow":["GET"]}}],"collection":[{"href":"https:\/\/www.tourmi.co\/index.php\/wp-json\/wp\/v2\/pages"}],"about":[{"href":"https:\/\/www.tourmi.co\/index.php\/wp-json\/wp\/v2\/types\/page"}],"author":[{"embeddable":true,"href":"https:\/\/www.tourmi.co\/index.php\/wp-json\/wp\/v2\/users\/1"}],"replies":[{"embeddable":true,"href":"https:\/\/www.tourmi.co\/index.php\/wp-json\/wp\/v2\/comments?post=372"}],"version-history":[{"count":29,"href":"https:\/\/www.tourmi.co\/index.php\/wp-json\/wp\/v2\/pages\/372\/revisions"}],"predecessor-version":[{"id":1505,"href":"https:\/\/www.tourmi.co\/index.php\/wp-json\/wp\/v2\/pages\/372\/revisions\/1505"}],"up":[{"embeddable":true,"href":"https:\/\/www.tourmi.co\/index.php\/wp-json\/wp\/v2\/pages\/353"}],"wp:attachment":[{"href":"https:\/\/www.tourmi.co\/index.php\/wp-json\/wp\/v2\/media?parent=372"}],"curies":[{"name":"wp","href":"https:\/\/api.w.org\/{rel}","templated":true}]}}