{"id":398,"date":"2023-09-13T14:35:12","date_gmt":"2023-09-13T12:35:12","guid":{"rendered":"http:\/\/www.tourmi.co\/?page_id=398"},"modified":"2024-01-19T14:42:20","modified_gmt":"2024-01-19T13:42:20","slug":"faraj-suleiman","status":"publish","type":"page","link":"https:\/\/www.tourmi.co\/index.php\/musique\/faraj-suleiman\/","title":{"rendered":"FARAJ SULEIMAN"},"content":{"rendered":"\n<p class=\"has-text-align-center has-small-font-size\"><strong>Booking France<\/strong><br><\/p>\n\n\n\n<figure class=\"wp-block-image size-large\"><img loading=\"lazy\" decoding=\"async\" width=\"1024\" height=\"1024\" src=\"https:\/\/www.tourmi.co\/wp-content\/uploads\/2023\/09\/faraj-suleiman-album-cover-artwork_160e74-1024x1024.jpg\" alt=\"\" class=\"wp-image-425\" srcset=\"https:\/\/www.tourmi.co\/wp-content\/uploads\/2023\/09\/faraj-suleiman-album-cover-artwork_160e74-1024x1024.jpg 1024w, https:\/\/www.tourmi.co\/wp-content\/uploads\/2023\/09\/faraj-suleiman-album-cover-artwork_160e74-300x300.jpg 300w, https:\/\/www.tourmi.co\/wp-content\/uploads\/2023\/09\/faraj-suleiman-album-cover-artwork_160e74-150x150.jpg 150w, https:\/\/www.tourmi.co\/wp-content\/uploads\/2023\/09\/faraj-suleiman-album-cover-artwork_160e74-768x768.jpg 768w, https:\/\/www.tourmi.co\/wp-content\/uploads\/2023\/09\/faraj-suleiman-album-cover-artwork_160e74-1536x1536.jpg 1536w, https:\/\/www.tourmi.co\/wp-content\/uploads\/2023\/09\/faraj-suleiman-album-cover-artwork_160e74-2048x2048.jpg 2048w\" sizes=\"auto, (max-width: 1024px) 100vw, 1024px\" \/><\/figure>\n\n\n\n<p class=\"has-text-align-center\"><strong>NOUVEL ALBUM \u00ab\u00a0<a href=\"https:\/\/bfan.link\/as-much-as-it-takes\" data-type=\"link\" data-id=\"https:\/\/open.spotify.com\/intl-fr\/album\/3WbNmdiJvg1VKttPzSboVW\">AS MUCH AS IT TAKES<\/a>\u00ab\u00a0<\/strong> ( <a href=\"https:\/\/www.twogentlemen.net\/\" data-type=\"link\" data-id=\"https:\/\/www.twogentlemen.net\/\">TwoGentlemen<\/a> Records )<br>Sortie France le 29 Septembre 2023 <br><strong><a href=\"https:\/\/www.radiofrance.fr\/fip\/l-univers-onirique-du-piano-volubile-de-faraj-suleiman-8182640\" data-type=\"link\" data-id=\"https:\/\/www.radiofrance.fr\/fip\/l-univers-onirique-du-piano-volubile-de-faraj-suleiman-8182640\">Album de la semaine chez FIP<\/a> du 2 au 8 Octobre 2023<\/strong><br><br>Chez TourMI &lsquo;nCO, on aime les instrumentistes audacieux, le jazz, et les rencontres musicales hydrides qui rapprochent les esth\u00e9tiques &amp; les continents. Nous sommes immens\u00e9ment fie.\u00e8re.s de vous annoncer la repr\u00e9sentation sc\u00e9nique pour la France de ce pianiste palestinien incroyable, pour la sortie de ce nouveau disque. <br>Il sera disponible en tourn\u00e9e, pour la France &amp; Europe, en 4tet piano-basse-batterie-guitare&amp;oud, de Septembre \u00e0 Novembre 2024<br><br>Certains itin\u00e9raires sont plus tortueux que d&rsquo;autres. Zigzaguant d&rsquo;un village palestinien au Montreux Jazz Festival, celui de Faraj Suleiman a encha\u00een\u00e9 les lacets, d\u00e9tours et fausses pistes \u00e0 une cadence \u00e9tourdissante. Mille fois, il aurait pu rebrousser chemin. Mais il faut croire qu&rsquo;un cap avait \u00e9t\u00e9 trac\u00e9, jusqu&rsquo;\u00e0 la parution de son nouvel album \u00e9tir\u00e9 entre Orient et Occident, As Much As It Takes dont le titre sonne comme une ligne de conduite : quoi il en co\u00fbte, le pianiste suit sa bonne \u00e9toile. <br><br>L&rsquo;histoire d\u00e9bute donc \u00e0 al Ramah, au nord est de la Palestine, o\u00f9 Faraj Suleiman est n\u00e9 en 1984. Son p\u00e8re tient un magasin de jouets et sa m\u00e8re est fleuriste. Mais un oncle, professeur de musique, s&rsquo;est char g\u00e9 de confier un instrument \u00e0 chacun des trois fr\u00e8res et \u00e0 leur unique soeur. Faraj h\u00e9rite du piano, \u00e0 3 ans, un vieux clavier ukrainien sur lequel il fait ses gammes en \u00e9coutant Bach, Beethoven et Schubert. <\/p>\n\n\n\n<p class=\"has-text-align-center\">Un r\u00eave ancien le poursuivait au fil de ses ann\u00e9es de d\u00e9couvertes de l&rsquo;instrument : jouer un jour au Montreux Jazz Festival. Ce jour est arriv\u00e9 beaucoup plus t\u00f4t que pr\u00e9vu, en 2018, dans un parcours d\u00e9cid\u00e9ment plein de surprises. Ce fut un succ\u00e8s et ce premier concert europ\u00e9en a propuls\u00e9 sa carri\u00e8re sur le continent, tout en aiguillonnant sa cr\u00e9ativit\u00e9 : compositeur prolifique pour trios ou quintets, Faraj Suleiman a aussi sign\u00e9 des arrangements pour orchestres et choeurs, et m\u00eame des albums de chansons pour enfants. <br>D\u00e9sormais grand voyageur, c&rsquo;est bien en Europe que son dernier album est n\u00e9. Alors qu&rsquo;il \u00e9tait accueilli en r\u00e9sidence \u00e0 la Cit\u00e9 internationale des arts, \u00e0 Paris, il est rest\u00e9 coinc\u00e9 en France par la crise sanitaire. <\/p>\n\n\n\n<p class=\"has-text-align-center\">Enregistr\u00e9 en Suisse, As Much As It Takes est un recueil de 11 compositions instrumentales, interpr\u00e9t\u00e9es en duo, trio, quartet ou quintet avec Louis Matute (guitare), Jules Martinet (contrebasse) et Alberto Malo (batterie), ainsi que les oudistes Darwish Darwish et Habib Shehadeh Hanna, en plus d&rsquo;une apparition exceptionnelle du trompettiste Erik Truffaz. Con\u00e7u par Faraj Suleiman comme le r\u00e9cit de son voyage d&rsquo;al Ramah \u00e0 Paris, parfois romantique et lumineux, il est aussi travers\u00e9 par les tensions inh\u00e9rentes au conflit avec Isra\u00ebl, indissociable de la personnalit\u00e9 du Palestinien qui consid\u00e8re que sa musique est une expression \u00e0 la fois intime, universelle et fondamentalement politique.<br><br><em><strong>R\u00e9f\u00e9rences sc\u00e9niques :<\/strong><\/em> Le Cha\u00eenon Manquant, Mama Event, Montreux Jazz Festival, La Cigale, La Cit\u00e9 Internationale des Arts &#8230;<\/p>\n\n\n\n<figure class=\"wp-block-embed is-type-video is-provider-youtube wp-block-embed-youtube wp-embed-aspect-4-3 wp-has-aspect-ratio\"><div class=\"wp-block-embed__wrapper\">\n<iframe loading=\"lazy\" title=\"Akka-Safad\" width=\"500\" height=\"375\" src=\"https:\/\/www.youtube.com\/embed\/Avamrn1G-kw?feature=oembed\" frameborder=\"0\" allow=\"accelerometer; autoplay; clipboard-write; encrypted-media; gyroscope; picture-in-picture; web-share\" referrerpolicy=\"strict-origin-when-cross-origin\" allowfullscreen><\/iframe>\n<\/div><\/figure>\n\n\n\n<figure class=\"wp-block-embed is-type-video is-provider-youtube wp-block-embed-youtube wp-embed-aspect-16-9 wp-has-aspect-ratio\"><div class=\"wp-block-embed__wrapper\">\n<iframe loading=\"lazy\" title=\"Faraj Suleiman - Oriental Melody (Official Video)\" width=\"500\" height=\"281\" src=\"https:\/\/www.youtube.com\/embed\/QuNh_za3xuY?feature=oembed\" frameborder=\"0\" allow=\"accelerometer; autoplay; clipboard-write; encrypted-media; gyroscope; picture-in-picture; web-share\" referrerpolicy=\"strict-origin-when-cross-origin\" allowfullscreen><\/iframe>\n<\/div><\/figure>\n\n\n\n<figure class=\"wp-block-embed is-type-video is-provider-youtube wp-block-embed-youtube wp-embed-aspect-16-9 wp-has-aspect-ratio\"><div class=\"wp-block-embed__wrapper\">\n<iframe loading=\"lazy\" title=\"Faraj Suleiman -  Arabic Improve | Montreux Jazz Festival 2018\" width=\"500\" height=\"281\" src=\"https:\/\/www.youtube.com\/embed\/8XmkI7bUB00?feature=oembed\" frameborder=\"0\" allow=\"accelerometer; autoplay; clipboard-write; encrypted-media; gyroscope; picture-in-picture; web-share\" referrerpolicy=\"strict-origin-when-cross-origin\" allowfullscreen><\/iframe>\n<\/div><\/figure>\n\n\n\n<figure class=\"wp-block-embed is-type-video is-provider-youtube wp-block-embed-youtube wp-embed-aspect-16-9 wp-has-aspect-ratio\"><div class=\"wp-block-embed__wrapper\">\n<iframe loading=\"lazy\" title=\"Faraj Suleiman - Montreux Jazz Festival 2018 a Boy on a bicycle,7pm (Live)\" width=\"500\" height=\"281\" src=\"https:\/\/www.youtube.com\/embed\/rTfDr3fBPps?feature=oembed\" frameborder=\"0\" allow=\"accelerometer; autoplay; clipboard-write; encrypted-media; gyroscope; picture-in-picture; web-share\" referrerpolicy=\"strict-origin-when-cross-origin\" allowfullscreen><\/iframe>\n<\/div><\/figure>\n\n\n\n<div class=\"wp-block-buttons is-content-justification-center is-layout-flex wp-container-core-buttons-is-layout-a89b3969 wp-block-buttons-is-layout-flex\">\n<div class=\"wp-block-button\"><a class=\"wp-block-button__link wp-element-button\" href=\"https:\/\/open.spotify.com\/intl-fr\/artist\/081FrpTgjmgvEy78DZOcpu\">Faraj sur Spotify<\/a><\/div>\n\n\n\n<div class=\"wp-block-button\"><a class=\"wp-block-button__link wp-element-button\">Faraj sur Dezer<\/a><\/div>\n<\/div>\n\n\n\n<div class=\"wp-block-buttons is-layout-flex wp-block-buttons-is-layout-flex\">\n<div class=\"wp-block-button\"><a class=\"wp-block-button__link wp-element-button\" href=\"https:\/\/www.facebook.com\/Faraj.Suleiman.music\">Faraj sur Facebook<\/a><\/div>\n\n\n\n<div class=\"wp-block-button\"><a class=\"wp-block-button__link wp-element-button\" href=\"https:\/\/www.instagram.com\/faraj_suleiman\/\">Faraj sur Insta<\/a><\/div>\n\n\n\n<div class=\"wp-block-button\"><a class=\"wp-block-button__link wp-element-button\" href=\"https:\/\/www.youtube.com\/@FarajSuleiman\/\">Faraj sur YouTube<\/a><\/div>\n<\/div>\n","protected":false},"excerpt":{"rendered":"<p>Booking France NOUVEL ALBUM \u00ab\u00a0AS MUCH AS IT TAKES\u00ab\u00a0 ( TwoGentlemen Records )Sortie France le 29 Septembre 2023 Album de la semaine chez FIP du 2 au 8 Octobre 2023 Chez TourMI &lsquo;nCO, on aime les instrumentistes audacieux, le jazz, et les rencontres musicales hydrides qui rapprochent les esth\u00e9tiques &amp; les continents. Nous sommes immens\u00e9ment [&hellip;]<\/p>\n","protected":false},"author":1,"featured_media":0,"parent":353,"menu_order":0,"comment_status":"closed","ping_status":"closed","template":"","meta":{"footnotes":""},"class_list":["post-398","page","type-page","status-publish","hentry"],"_links":{"self":[{"href":"https:\/\/www.tourmi.co\/index.php\/wp-json\/wp\/v2\/pages\/398","targetHints":{"allow":["GET"]}}],"collection":[{"href":"https:\/\/www.tourmi.co\/index.php\/wp-json\/wp\/v2\/pages"}],"about":[{"href":"https:\/\/www.tourmi.co\/index.php\/wp-json\/wp\/v2\/types\/page"}],"author":[{"embeddable":true,"href":"https:\/\/www.tourmi.co\/index.php\/wp-json\/wp\/v2\/users\/1"}],"replies":[{"embeddable":true,"href":"https:\/\/www.tourmi.co\/index.php\/wp-json\/wp\/v2\/comments?post=398"}],"version-history":[{"count":20,"href":"https:\/\/www.tourmi.co\/index.php\/wp-json\/wp\/v2\/pages\/398\/revisions"}],"predecessor-version":[{"id":793,"href":"https:\/\/www.tourmi.co\/index.php\/wp-json\/wp\/v2\/pages\/398\/revisions\/793"}],"up":[{"embeddable":true,"href":"https:\/\/www.tourmi.co\/index.php\/wp-json\/wp\/v2\/pages\/353"}],"wp:attachment":[{"href":"https:\/\/www.tourmi.co\/index.php\/wp-json\/wp\/v2\/media?parent=398"}],"curies":[{"name":"wp","href":"https:\/\/api.w.org\/{rel}","templated":true}]}}