{"id":402,"date":"2023-09-13T18:10:02","date_gmt":"2023-09-13T16:10:02","guid":{"rendered":"http:\/\/www.tourmi.co\/?page_id=402"},"modified":"2026-02-11T15:01:28","modified_gmt":"2026-02-11T14:01:28","slug":"dakh-daughters","status":"publish","type":"page","link":"https:\/\/www.tourmi.co\/index.php\/musique\/dakh-daughters\/","title":{"rendered":"DAKH DAUGHTERS"},"content":{"rendered":"\n<p class=\"has-text-align-center has-small-font-size\"><strong>Spectacle Break The Rock <\/strong><br><strong>Booking France &amp; International [except Ukraine &amp; Am\u00e9rique du Nord]<\/strong><br>&#8211; <em>en accord avec les <a href=\"https:\/\/www.dddames.eu\/artistes\/dakh-daughters\/\" data-type=\"link\" data-id=\"https:\/\/www.dddames.eu\/artistes\/dakh-daughters\/\">Dr\u00f4les de Dames<\/a><\/em> &#8211;<br><br><strong>!! SAVE THE DATE : <a href=\"https:\/\/www.theatredurondpoint.fr\/fr\/programmation\/saison-25-26\/concert\/break-the-rock\" data-type=\"link\" data-id=\"https:\/\/www.theatredurondpoint.fr\/fr\/programmation\/saison-25-26\/concert\/break-the-rock\">10 F\u00e9vrier 2026 @Paris, Th\u00e9atre du Rond-Point <\/a>!! <\/strong><br><br>! Documentaire <a href=\"https:\/\/www.france.tv\/documentaires\/documentaires-societe\/6798184-ukraine-fire-sur-le-front-artistique-des-dakh-daughters.html\">Ukraine Fire actuellement disponible sur FranceTV<\/a> !<\/p>\n\n\n\n<figure class=\"wp-block-image size-large\"><img loading=\"lazy\" decoding=\"async\" width=\"821\" height=\"1024\" src=\"https:\/\/www.tourmi.co\/wp-content\/uploads\/2026\/02\/Bandeau-DAK-1T26-821x1024.jpg\" alt=\"\" class=\"wp-image-1500\" srcset=\"https:\/\/www.tourmi.co\/wp-content\/uploads\/2026\/02\/Bandeau-DAK-1T26-821x1024.jpg 821w, https:\/\/www.tourmi.co\/wp-content\/uploads\/2026\/02\/Bandeau-DAK-1T26-240x300.jpg 240w, https:\/\/www.tourmi.co\/wp-content\/uploads\/2026\/02\/Bandeau-DAK-1T26-768x958.jpg 768w, https:\/\/www.tourmi.co\/wp-content\/uploads\/2026\/02\/Bandeau-DAK-1T26-1231x1536.jpg 1231w, https:\/\/www.tourmi.co\/wp-content\/uploads\/2026\/02\/Bandeau-DAK-1T26.jpg 1440w\" sizes=\"auto, (max-width: 821px) 100vw, 821px\" \/><\/figure>\n\n\n\n<figure class=\"wp-block-image size-large\"><img loading=\"lazy\" decoding=\"async\" width=\"1024\" height=\"683\" src=\"https:\/\/www.tourmi.co\/wp-content\/uploads\/2023\/09\/ukrainefire_4_web-1024x683.jpg\" alt=\"\" class=\"wp-image-430\" srcset=\"https:\/\/www.tourmi.co\/wp-content\/uploads\/2023\/09\/ukrainefire_4_web-1024x683.jpg 1024w, https:\/\/www.tourmi.co\/wp-content\/uploads\/2023\/09\/ukrainefire_4_web-300x200.jpg 300w, https:\/\/www.tourmi.co\/wp-content\/uploads\/2023\/09\/ukrainefire_4_web-768x512.jpg 768w, https:\/\/www.tourmi.co\/wp-content\/uploads\/2023\/09\/ukrainefire_4_web.jpg 1200w\" sizes=\"auto, (max-width: 1024px) 100vw, 1024px\" \/><\/figure>\n\n\n\n<p class=\"has-text-align-center\">R\u00e9v\u00e9l\u00e9es sur la sc\u00e8ne fran\u00e7aise gr\u00e2ce au Monfort (Paris) en 2013, les DAKH DAUGHTERS m\u00e8nent une carri\u00e8re internationale. D\u2019abord \u00e9l\u00e8ves de Vlad Troistskyi au conservatoire de Kiev, elles rejoignent ensuite le Dakh Th\u00e9atre, compagnie incontournable de la sc\u00e8ne ukrainienne, notamment caract\u00e9ris\u00e9e par ses cr\u00e9ations militantes.<br>Les Dakh Daughters ont d\u00e9j\u00e0 \u00e0 leur actif de nombreuses cr\u00e9ations alliant chant, musique, th\u00e9\u00e2tre, elles offrent au public le spectacle de leur fertile et entreprenante col\u00e8re.<br><br>Parmi leurs sc\u00e8nes notables en France, on retiendra, entre autres, la clot\u00fbre d&rsquo;Avignon avec Miss Knife elle-m\u00eame en 2022, Les Charrues sur lesquelles elles sont revenues \u00e0 l&rsquo;\u00e9t\u00e9 2024, ou encore Aurillac.<\/p>\n\n\n\n<p><strong>Disponibilit\u00e9s 2026\/27 Break The Rock :<\/strong><br>Salles <strong>Octobre 2026 et Mars 2027<\/strong><br>Festivals <strong>Juin- Juillet 2027<\/strong><\/p>\n\n\n\n<p class=\"has-text-align-center\">Break The Rock reprend les codes chers aux&nbsp;DAKH&nbsp;DAUGHERS, des chansons faites de textes po\u00e9tiques, aussi folkloriques, accompagn\u00e9s de projections vid\u00e9o tant\u00f4t fantasmagoriques ou tr\u00e8s r\u00e9alistes, une orchestration live d\u00e9tonante, un assemblage qui sonne toujours comme un cocktail artisanal qu\u2019on lance au mur de la r\u00e9signation.<\/p>\n\n\n\n<p class=\"has-text-align-center\">Le spectacle est un acte de r\u00e9sistance, un grand po\u00e8me musical qui t\u00e9moigne de l\u2019invasion, du crime et de la catastrophe humanitaire caus\u00e9s par l\u2019arm\u00e9e russe et ses dirigeants.<\/p>\n\n\n\n<p class=\"has-text-align-center\">Au chant, violoncelle, accord\u00e9on, guitare, contrebasse ou percussions, le groupe se permet tout&nbsp;: l\u2019hommage aux lignes harmoniques slaves, des compositions th\u00e9\u00e2trales rock, minimalistes ou explosives.&nbsp;Break The Rock est un concert de femmes aux voix puissantes, humaines, sensibles&nbsp;pour donner \u00e0 voir, venir panser, pourquoi pas penser, le monde d\u2019aujourd\u2019hui.<\/p>\n\n\n\n<p><strong>CR\u00c9DITS<\/strong><\/p>\n\n\n\n<p>Direction artistique&nbsp;: Vlad TROITSKYI<br>DAKH&nbsp;DAUGHTERS&nbsp;: Nataliia HALANEVYCH, Ruslana&nbsp; KHAZIPOVA, Solomiia MELNYK, Anna NIKITINA, Nataliia ZOZUL<br>avec la participation de Tetiana TROITSKA, com\u00e9dienne<br>Cr\u00e9ation lumi\u00e8res, mapping vid\u00e9o&nbsp;: Mariia VOLKOVA<\/p>\n\n\n\n<figure class=\"wp-block-embed is-type-video is-provider-youtube wp-block-embed-youtube wp-embed-aspect-16-9 wp-has-aspect-ratio\"><div class=\"wp-block-embed__wrapper\">\n<iframe loading=\"lazy\" title=\"Dakh Daughters - Lyudyna\/\u041b\u044e\u0434\u0438\u043d\u0430 (official video)\" width=\"500\" height=\"281\" src=\"https:\/\/www.youtube.com\/embed\/v0IvKW0-6jA?feature=oembed\" frameborder=\"0\" allow=\"accelerometer; autoplay; clipboard-write; encrypted-media; gyroscope; picture-in-picture; web-share\" referrerpolicy=\"strict-origin-when-cross-origin\" allowfullscreen><\/iframe>\n<\/div><\/figure>\n\n\n\n<figure class=\"wp-block-embed is-type-video is-provider-youtube wp-block-embed-youtube wp-embed-aspect-16-9 wp-has-aspect-ratio\"><div class=\"wp-block-embed__wrapper\">\n<iframe loading=\"lazy\" title=\"Dakh Daughters - Full Performance (Live on KEXP)\" width=\"500\" height=\"281\" src=\"https:\/\/www.youtube.com\/embed\/OMiAw7AHJvg?feature=oembed\" frameborder=\"0\" allow=\"accelerometer; autoplay; clipboard-write; encrypted-media; gyroscope; picture-in-picture; web-share\" referrerpolicy=\"strict-origin-when-cross-origin\" allowfullscreen><\/iframe>\n<\/div><\/figure>\n\n\n\n<figure class=\"wp-block-embed is-type-video is-provider-youtube wp-block-embed-youtube wp-embed-aspect-16-9 wp-has-aspect-ratio\"><div class=\"wp-block-embed__wrapper\">\n<iframe loading=\"lazy\" title=\"Dakh Daughters &quot;Rozy \/ Donbass&quot; (live acoustic)\" width=\"500\" height=\"281\" src=\"https:\/\/www.youtube.com\/embed\/6wCgZh-nczY?feature=oembed\" frameborder=\"0\" allow=\"accelerometer; autoplay; clipboard-write; encrypted-media; gyroscope; picture-in-picture; web-share\" referrerpolicy=\"strict-origin-when-cross-origin\" allowfullscreen><\/iframe>\n<\/div><\/figure>\n\n\n\n<figure class=\"wp-block-embed is-type-video is-provider-youtube wp-block-embed-youtube wp-embed-aspect-16-9 wp-has-aspect-ratio\"><div class=\"wp-block-embed__wrapper\">\n<iframe loading=\"lazy\" title=\"Dakh Daughters \/ Ukraine Fire | EtnoKrak\u00f3w\/Rozstaje 2022\" width=\"500\" height=\"281\" src=\"https:\/\/www.youtube.com\/embed\/oIusPT3IbhA?feature=oembed\" frameborder=\"0\" allow=\"accelerometer; autoplay; clipboard-write; encrypted-media; gyroscope; picture-in-picture; web-share\" referrerpolicy=\"strict-origin-when-cross-origin\" allowfullscreen><\/iframe>\n<\/div><\/figure>\n\n\n\n<div class=\"wp-block-buttons is-layout-flex wp-block-buttons-is-layout-flex\">\n<div class=\"wp-block-button\"><a class=\"wp-block-button__link wp-element-button\" href=\"https:\/\/open.spotify.com\/intl-fr\/artist\/74sycYE6hlYuoelM902cE0\">Les Dakh Daughters sur Spotify<\/a><\/div>\n\n\n\n<div class=\"wp-block-button\"><a class=\"wp-block-button__link wp-element-button\" href=\"https:\/\/www.deezer.com\/fr\/artist\/11529071\">Les Dakh Daughters sur Deezer<\/a><\/div>\n<\/div>\n\n\n\n<div class=\"wp-block-buttons is-layout-flex wp-block-buttons-is-layout-flex\">\n<div class=\"wp-block-button\"><a class=\"wp-block-button__link wp-element-button\" href=\"https:\/\/www.facebook.com\/DakhDaughters\/\">Les Dakh Daughters sur FaceBook<\/a><\/div>\n\n\n\n<div class=\"wp-block-button\"><a class=\"wp-block-button__link wp-element-button\" href=\"https:\/\/www.instagram.com\/dakhdaughtersband\">Les Dakh Daughters sur Insta<\/a><\/div>\n<\/div>\n\n\n\n<div class=\"wp-block-buttons is-content-justification-center is-layout-flex wp-container-core-buttons-is-layout-a89b3969 wp-block-buttons-is-layout-flex\">\n<div class=\"wp-block-button\"><a class=\"wp-block-button__link wp-element-button\" href=\"https:\/\/www.youtube.com\/channel\/UC7AZxG-ALTVbukzLHVoZYvA\">Les Dakh Daughters sur YouTube<\/a><\/div>\n<\/div>\n","protected":false},"excerpt":{"rendered":"<p>Spectacle Break The Rock Booking France &amp; International [except Ukraine &amp; Am\u00e9rique du Nord]&#8211; en accord avec les Dr\u00f4les de Dames &#8211; !! SAVE THE DATE : 10 F\u00e9vrier 2026 @Paris, Th\u00e9atre du Rond-Point !! ! Documentaire Ukraine Fire actuellement disponible sur FranceTV ! R\u00e9v\u00e9l\u00e9es sur la sc\u00e8ne fran\u00e7aise gr\u00e2ce au Monfort (Paris) en 2013, [&hellip;]<\/p>\n","protected":false},"author":1,"featured_media":0,"parent":353,"menu_order":0,"comment_status":"closed","ping_status":"closed","template":"","meta":{"footnotes":""},"class_list":["post-402","page","type-page","status-publish","hentry"],"_links":{"self":[{"href":"https:\/\/www.tourmi.co\/index.php\/wp-json\/wp\/v2\/pages\/402","targetHints":{"allow":["GET"]}}],"collection":[{"href":"https:\/\/www.tourmi.co\/index.php\/wp-json\/wp\/v2\/pages"}],"about":[{"href":"https:\/\/www.tourmi.co\/index.php\/wp-json\/wp\/v2\/types\/page"}],"author":[{"embeddable":true,"href":"https:\/\/www.tourmi.co\/index.php\/wp-json\/wp\/v2\/users\/1"}],"replies":[{"embeddable":true,"href":"https:\/\/www.tourmi.co\/index.php\/wp-json\/wp\/v2\/comments?post=402"}],"version-history":[{"count":20,"href":"https:\/\/www.tourmi.co\/index.php\/wp-json\/wp\/v2\/pages\/402\/revisions"}],"predecessor-version":[{"id":1503,"href":"https:\/\/www.tourmi.co\/index.php\/wp-json\/wp\/v2\/pages\/402\/revisions\/1503"}],"up":[{"embeddable":true,"href":"https:\/\/www.tourmi.co\/index.php\/wp-json\/wp\/v2\/pages\/353"}],"wp:attachment":[{"href":"https:\/\/www.tourmi.co\/index.php\/wp-json\/wp\/v2\/media?parent=402"}],"curies":[{"name":"wp","href":"https:\/\/api.w.org\/{rel}","templated":true}]}}