{"id":483,"date":"2023-09-14T17:51:42","date_gmt":"2023-09-14T15:51:42","guid":{"rendered":"http:\/\/www.tourmi.co\/?page_id=483"},"modified":"2023-09-14T17:51:42","modified_gmt":"2023-09-14T15:51:42","slug":"jack-stencils","status":"publish","type":"page","link":"https:\/\/www.tourmi.co\/index.php\/arts-visuels\/jack-stencils\/","title":{"rendered":"JACK STENCILS"},"content":{"rendered":"\n<p class=\"has-text-align-center\">Photographe et dessinateur autodidacte, Jack d\u00e9couvre la pratique du pochoir en d\u00e9ambulant dans les arts urbains. Il remplace le crayon par le scalpel, r\u00e9invente des portraits d\u2019artistes de jazz pour les r\u00e9v\u00e9ler et sublimer gr\u00e2ce aux bombes a\u00e9rosols. Il joue sur les formes et les nuances de gris, d\u00e9coupe et empile les couches de papiers, de peintures pour donner vie \u00e0 son univers symbolique.<\/p>\n\n\n\n<hr class=\"wp-block-separator has-alpha-channel-opacity\"\/>\n\n\n\n<figure class=\"wp-block-image size-large\"><img loading=\"lazy\" decoding=\"async\" width=\"1024\" height=\"1024\" src=\"https:\/\/www.tourmi.co\/wp-content\/uploads\/2023\/04\/InShot_20230406_122958373-1024x1024.jpg\" alt=\"\" class=\"wp-image-197\" srcset=\"https:\/\/www.tourmi.co\/wp-content\/uploads\/2023\/04\/InShot_20230406_122958373-1024x1024.jpg 1024w, https:\/\/www.tourmi.co\/wp-content\/uploads\/2023\/04\/InShot_20230406_122958373-300x300.jpg 300w, https:\/\/www.tourmi.co\/wp-content\/uploads\/2023\/04\/InShot_20230406_122958373-150x150.jpg 150w, https:\/\/www.tourmi.co\/wp-content\/uploads\/2023\/04\/InShot_20230406_122958373-768x768.jpg 768w, https:\/\/www.tourmi.co\/wp-content\/uploads\/2023\/04\/InShot_20230406_122958373-1536x1536.jpg 1536w, https:\/\/www.tourmi.co\/wp-content\/uploads\/2023\/04\/InShot_20230406_122958373-2048x2048.jpg 2048w\" sizes=\"auto, (max-width: 1024px) 100vw, 1024px\" \/><figcaption class=\"wp-element-caption\">L\u2019ENVOL \u2013 A\u00c9ROSOL ET COLLAGE SUR PAPIER CANSON<\/figcaption><\/figure>\n\n\n\n<figure class=\"wp-block-image aligncenter size-large is-resized\"><img loading=\"lazy\" decoding=\"async\" src=\"https:\/\/www.tourmi.co\/wp-content\/uploads\/2023\/09\/Design-sans-titre-724x1024.png\" alt=\"\" class=\"wp-image-489\" style=\"width:496px;height:702px\" width=\"496\" height=\"702\" srcset=\"https:\/\/www.tourmi.co\/wp-content\/uploads\/2023\/09\/Design-sans-titre-724x1024.png 724w, https:\/\/www.tourmi.co\/wp-content\/uploads\/2023\/09\/Design-sans-titre-212x300.png 212w, https:\/\/www.tourmi.co\/wp-content\/uploads\/2023\/09\/Design-sans-titre-768x1086.png 768w, https:\/\/www.tourmi.co\/wp-content\/uploads\/2023\/09\/Design-sans-titre-1086x1536.png 1086w, https:\/\/www.tourmi.co\/wp-content\/uploads\/2023\/09\/Design-sans-titre.png 1414w\" sizes=\"auto, (max-width: 496px) 100vw, 496px\" \/><figcaption class=\"wp-element-caption\">SIMONE DE BEAUVOIR \u2013 A\u00c9ROSOL ET COLLAGE SUR PAPIER CANSON<\/figcaption><\/figure>\n\n\n\n<figure class=\"wp-block-image size-large\"><img loading=\"lazy\" decoding=\"async\" width=\"1024\" height=\"1024\" src=\"https:\/\/www.tourmi.co\/wp-content\/uploads\/2023\/04\/InShot_20230406_123559851-1024x1024.jpg\" alt=\"\" class=\"wp-image-198\" srcset=\"https:\/\/www.tourmi.co\/wp-content\/uploads\/2023\/04\/InShot_20230406_123559851-1024x1024.jpg 1024w, https:\/\/www.tourmi.co\/wp-content\/uploads\/2023\/04\/InShot_20230406_123559851-300x300.jpg 300w, https:\/\/www.tourmi.co\/wp-content\/uploads\/2023\/04\/InShot_20230406_123559851-150x150.jpg 150w, https:\/\/www.tourmi.co\/wp-content\/uploads\/2023\/04\/InShot_20230406_123559851-768x768.jpg 768w, https:\/\/www.tourmi.co\/wp-content\/uploads\/2023\/04\/InShot_20230406_123559851-1536x1536.jpg 1536w, https:\/\/www.tourmi.co\/wp-content\/uploads\/2023\/04\/InShot_20230406_123559851-2048x2048.jpg 2048w\" sizes=\"auto, (max-width: 1024px) 100vw, 1024px\" \/><figcaption class=\"wp-element-caption\">MINGUS \u2013 A\u00c9ROSOL ET COLLAGE SUR PAPIER CANSON<\/figcaption><\/figure>\n\n\n\n<figure class=\"wp-block-image aligncenter size-large is-resized\"><img loading=\"lazy\" decoding=\"async\" src=\"https:\/\/www.tourmi.co\/wp-content\/uploads\/2023\/09\/Design-sans-titre1-724x1024.png\" alt=\"\" class=\"wp-image-491\" style=\"width:494px;height:699px\" width=\"494\" height=\"699\" srcset=\"https:\/\/www.tourmi.co\/wp-content\/uploads\/2023\/09\/Design-sans-titre1-724x1024.png 724w, https:\/\/www.tourmi.co\/wp-content\/uploads\/2023\/09\/Design-sans-titre1-212x300.png 212w, https:\/\/www.tourmi.co\/wp-content\/uploads\/2023\/09\/Design-sans-titre1-768x1086.png 768w, https:\/\/www.tourmi.co\/wp-content\/uploads\/2023\/09\/Design-sans-titre1-1086x1536.png 1086w, https:\/\/www.tourmi.co\/wp-content\/uploads\/2023\/09\/Design-sans-titre1.png 1414w\" sizes=\"auto, (max-width: 494px) 100vw, 494px\" \/><figcaption class=\"wp-element-caption\">LOUIS ARMSTRONG \u2013 A\u00c9ROSOL ET COLLAGE SUR PAPIER CANSON<\/figcaption><\/figure>\n\n\n\n<hr class=\"wp-block-separator has-alpha-channel-opacity\"\/>\n\n\n\n<div class=\"wp-block-buttons is-content-justification-center is-layout-flex wp-container-core-buttons-is-layout-a89b3969 wp-block-buttons-is-layout-flex\">\n<div class=\"wp-block-button\"><a class=\"wp-block-button__link wp-element-button\" href=\"https:\/\/www.instagram.com\/jackstencils\/\" target=\"_blank\" rel=\"noreferrer noopener\">INSTAGRAM <\/a><\/div>\n<\/div>\n","protected":false},"excerpt":{"rendered":"<p>Photographe et dessinateur autodidacte, Jack d\u00e9couvre la pratique du pochoir en d\u00e9ambulant dans les arts urbains. Il remplace le crayon par le scalpel, r\u00e9invente des portraits d\u2019artistes de jazz pour les r\u00e9v\u00e9ler et sublimer gr\u00e2ce aux bombes a\u00e9rosols. Il joue sur les formes et les nuances de gris, d\u00e9coupe et empile les couches de papiers, [&hellip;]<\/p>\n","protected":false},"author":1,"featured_media":0,"parent":467,"menu_order":0,"comment_status":"closed","ping_status":"closed","template":"","meta":{"footnotes":""},"class_list":["post-483","page","type-page","status-publish","hentry"],"_links":{"self":[{"href":"https:\/\/www.tourmi.co\/index.php\/wp-json\/wp\/v2\/pages\/483","targetHints":{"allow":["GET"]}}],"collection":[{"href":"https:\/\/www.tourmi.co\/index.php\/wp-json\/wp\/v2\/pages"}],"about":[{"href":"https:\/\/www.tourmi.co\/index.php\/wp-json\/wp\/v2\/types\/page"}],"author":[{"embeddable":true,"href":"https:\/\/www.tourmi.co\/index.php\/wp-json\/wp\/v2\/users\/1"}],"replies":[{"embeddable":true,"href":"https:\/\/www.tourmi.co\/index.php\/wp-json\/wp\/v2\/comments?post=483"}],"version-history":[{"count":2,"href":"https:\/\/www.tourmi.co\/index.php\/wp-json\/wp\/v2\/pages\/483\/revisions"}],"predecessor-version":[{"id":506,"href":"https:\/\/www.tourmi.co\/index.php\/wp-json\/wp\/v2\/pages\/483\/revisions\/506"}],"up":[{"embeddable":true,"href":"https:\/\/www.tourmi.co\/index.php\/wp-json\/wp\/v2\/pages\/467"}],"wp:attachment":[{"href":"https:\/\/www.tourmi.co\/index.php\/wp-json\/wp\/v2\/media?parent=483"}],"curies":[{"name":"wp","href":"https:\/\/api.w.org\/{rel}","templated":true}]}}